{"id":6,"date":"2018-12-24T02:32:31","date_gmt":"2018-12-24T02:32:31","guid":{"rendered":"http:\/\/mirincondeaprendizaje.com\/?page_id=6"},"modified":"2019-07-17T17:33:29","modified_gmt":"2019-07-17T22:33:29","slug":"sobre-este-blog","status":"publish","type":"page","link":"https:\/\/mexiquearte.com\/wp2\/sobre-este-blog\/","title":{"rendered":"Sobre este blog"},"content":{"rendered":"\n<figure class=\"wp-block-image\"><img loading=\"lazy\" decoding=\"async\" width=\"1280\" height=\"853\" src=\"https:\/\/mexiquearte.com\/wp2\/wp-content\/uploads\/2018\/12\/study-3699941_1280.jpg\" alt=\"\" class=\"wp-image-7\" srcset=\"https:\/\/mexiquearte.com\/wp2\/wp-content\/uploads\/2018\/12\/study-3699941_1280.jpg 1280w, https:\/\/mexiquearte.com\/wp2\/wp-content\/uploads\/2018\/12\/study-3699941_1280-300x200.jpg 300w, https:\/\/mexiquearte.com\/wp2\/wp-content\/uploads\/2018\/12\/study-3699941_1280-768x512.jpg 768w, https:\/\/mexiquearte.com\/wp2\/wp-content\/uploads\/2018\/12\/study-3699941_1280-1024x682.jpg 1024w\" sizes=\"auto, (max-width: 1280px) 100vw, 1280px\" \/><\/figure>\n\n\n\n<p>Hace mucho que sent\u00eda la inquietud de tener un espacio para hablar de lo que m\u00e1s me apasiona en este mundo: <strong>la educaci\u00f3n<\/strong>. Pens\u00e9 mucho en todo lo que quer\u00eda comunicar, pues no ten\u00eda claro si quer\u00eda escribir art\u00edculos acad\u00e9micos, hablar sobre mi experiencia en el mundo de la educaci\u00f3n o hasta hacer un peque\u00f1o observatorio personal sobre tendencias e innovaci\u00f3n educativa, pero tambi\u00e9n quer\u00eda un espacio en el pudiera dar mi punto de vista sobre acontecimientos relacionados a la educaci\u00f3n.<\/p>\n\n\n\n<p>Al final, en una de mis caminatas por la Colonia Roma, decid\u00ed que quer\u00eda todo esto junto. Y mientras m\u00e1s lo pensaba, iban surgiendo nuevas ideas de lo que este espacio deber\u00eda tener y la variedad de cosas que se podr\u00edan  contar en \u00e9l. Es por eso que opt\u00e9 por este blog, ya que es un espacio din\u00e1mico que puede contener una gran variedad de material en distintos formatos.<\/p>\n\n\n\n<p>Este espacio es\ntambi\u00e9n la continuaci\u00f3n de un proyecto personal, que tiene que ver con especializarme\ncada vez m\u00e1s en educaci\u00f3n y es tambi\u00e9n una manera de ir consolidando todas\nestas ideas en unas sola. Un espacio personal que me permita seguir creando,\npero tambi\u00e9n, que me permita recibir retroalimentaci\u00f3n.<\/p>\n\n\n\n<p>As\u00ed que en este rinc\u00f3n, <strong>Mi Rinc\u00f3n de Aprendizaje<\/strong>, ir\u00e9 colocando, adem\u00e1s de lo que ya se\u00f1al\u00e9, algunos de los proyectos educativos en los que estoy trabajando actualmente. Pero tambi\u00e9n me interesa compartir muchas de las ideas que he tenido, algunas convertidas en proyectos que se ejecutaron, otras que se quedaron en propuesta, e incluso algunas que no funcionaron como yo lo esperaba. Adem\u00e1s, quiero rescatar algunos art\u00edculos, ensayos y trabajos que he realizado tanto para la maestr\u00eda como para cursos y diplomados. <\/p>\n\n\n\n<p>Esta necesidad de\ncompartir todo esto, surge porque estoy convencido de que la educaci\u00f3n se trata\njustamente de dos cosas: de dialogar y de intercambiar ideas. S\u00f3lo as\u00ed,\npodremos logar que la educaci\u00f3n sea una herramienta realmente transformadora. <\/p>\n\n\n\n<p>Espero que este espacio se convierta en algo \u00fatil para otras personas que tambi\u00e9n est\u00e1n en el mundo educativo, pero m\u00e1s importante a\u00fan, que pueda ser un rinc\u00f3n para todos, en el que podamos intercambiar ideas y generar nuevas experiencias en conjunto. <\/p>\n\n\n\n<p>Bienvenidos a <strong>Mi Rinc\u00f3n de Aprendizaje<\/strong>, un rinc\u00f3n en el que todos los que est\u00e9n interesados en los temas educativos, son bienvenidos.<\/p>\n\n\n\n<p class=\"has-text-color has-small-font-size has-cyan-bluish-gray-color\">Fuente de la im\u00e1gen: <a aria-label=\" (abre en una nueva pesta\u00f1a)\" href=\"https:\/\/pixabay.com\/es\/estudio-sombrero-tablero-escuela-3699941\/\" target=\"_blank\" rel=\"noreferrer noopener\">https:\/\/pixabay.com\/es\/estudio-sombrero-tablero-escuela-3699941\/<\/a><\/p>\n","protected":false},"excerpt":{"rendered":"<p>Hace mucho que sent\u00eda la inquietud de tener un espacio para hablar de lo que m\u00e1s me apasiona en este mundo: la educaci\u00f3n. Pens\u00e9 mucho en todo lo que quer\u00eda comunicar, pues no ten\u00eda claro si quer\u00eda escribir art\u00edculos acad\u00e9micos, hablar sobre mi experiencia en el mundo de la educaci\u00f3n o hasta hacer un peque\u00f1o [&hellip;]<\/p>\n","protected":false},"author":1,"featured_media":7,"parent":0,"menu_order":1,"comment_status":"closed","ping_status":"closed","template":"","meta":{"footnotes":""},"class_list":["post-6","page","type-page","status-publish","has-post-thumbnail","hentry"],"_links":{"self":[{"href":"https:\/\/mexiquearte.com\/wp2\/wp-json\/wp\/v2\/pages\/6","targetHints":{"allow":["GET"]}}],"collection":[{"href":"https:\/\/mexiquearte.com\/wp2\/wp-json\/wp\/v2\/pages"}],"about":[{"href":"https:\/\/mexiquearte.com\/wp2\/wp-json\/wp\/v2\/types\/page"}],"author":[{"embeddable":true,"href":"https:\/\/mexiquearte.com\/wp2\/wp-json\/wp\/v2\/users\/1"}],"replies":[{"embeddable":true,"href":"https:\/\/mexiquearte.com\/wp2\/wp-json\/wp\/v2\/comments?post=6"}],"version-history":[{"count":10,"href":"https:\/\/mexiquearte.com\/wp2\/wp-json\/wp\/v2\/pages\/6\/revisions"}],"predecessor-version":[{"id":726,"href":"https:\/\/mexiquearte.com\/wp2\/wp-json\/wp\/v2\/pages\/6\/revisions\/726"}],"wp:featuredmedia":[{"embeddable":true,"href":"https:\/\/mexiquearte.com\/wp2\/wp-json\/wp\/v2\/media\/7"}],"wp:attachment":[{"href":"https:\/\/mexiquearte.com\/wp2\/wp-json\/wp\/v2\/media?parent=6"}],"curies":[{"name":"wp","href":"https:\/\/api.w.org\/{rel}","templated":true}]}}